{"id":157,"date":"2015-04-07T12:59:43","date_gmt":"2015-04-07T12:59:43","guid":{"rendered":"http:\/\/www.ramatuelle-tourisme.com\/wp\/?page_id=157"},"modified":"2025-01-03T16:07:57","modified_gmt":"2025-01-03T15:07:57","slug":"devenir-adherent","status":"publish","type":"page","link":"https:\/\/www.ramatuelle-tourisme.com\/pro\/informations-pour-les-professionnels\/devenir-adherent\/","title":{"rendered":"Devenir partenaire"},"content":{"rendered":"<p style=\"text-align: center;\">Vous souhaitez faire partie de notre r\u00e9seau ?<br \/>\nPr\u00e8s de 150 professionnels nous font d\u00e9j\u00e0 confiance, et vous ?<\/p>\n<p style=\"text-align: center;\"><strong>Consultez le<a href=\"https:\/\/www.ramatuelle-tourisme.com\/pro\/wp-content\/uploads\/2025\/01\/Guide-du-partenaire-2024-25-web.pdf\" target=\"_blank\" rel=\"noopener noreferrer\"> Guide du partenaire<\/a> !<\/strong><\/p>\n<p style=\"text-align: center;\"><img loading=\"lazy\" decoding=\"async\" class=\"alignnone size-full wp-image-1668\" src=\"https:\/\/www.ramatuelle-tourisme.com\/pro\/wp-content\/uploads\/2025\/01\/Guide-partenaire-une.jpg\" alt=\"\" width=\"861\" height=\"484\" srcset=\"https:\/\/www.ramatuelle-tourisme.com\/pro\/wp-content\/uploads\/2025\/01\/Guide-partenaire-une.jpg 861w, https:\/\/www.ramatuelle-tourisme.com\/pro\/wp-content\/uploads\/2025\/01\/Guide-partenaire-une-300x169.jpg 300w, https:\/\/www.ramatuelle-tourisme.com\/pro\/wp-content\/uploads\/2025\/01\/Guide-partenaire-une-768x432.jpg 768w\" sizes=\"auto, (max-width: 709px) 85vw, (max-width: 909px) 67vw, (max-width: 1362px) 62vw, 840px\" \/><\/p>\n<p style=\"text-align: center;\">Pour plus de renseignements, n&rsquo;h\u00e9sitez pas \u00e0 contacter la direction :<br \/>\n<strong>Bruno Ca\u00efetti<\/strong><br \/>\nTel : 04 98 12 64 02 \/ @ : direction@ramatuelle-tourisme.com<\/p>\n","protected":false},"excerpt":{"rendered":"<p>Vous souhaitez faire partie de notre r\u00e9seau ? Pr\u00e8s de 150 professionnels nous font d\u00e9j\u00e0 confiance, et vous ? Consultez le Guide du partenaire ! Pour plus de renseignements, n&rsquo;h\u00e9sitez pas \u00e0 contacter la direction : Bruno Ca\u00efetti Tel : 04 98 12 64 02 \/ @ : direction@ramatuelle-tourisme.com<\/p>\n","protected":false},"author":1,"featured_media":0,"parent":118,"menu_order":0,"comment_status":"closed","ping_status":"open","template":"","meta":{"footnotes":""},"class_list":["post-157","page","type-page","status-publish","hentry"],"_links":{"self":[{"href":"https:\/\/www.ramatuelle-tourisme.com\/pro\/wp-json\/wp\/v2\/pages\/157","targetHints":{"allow":["GET"]}}],"collection":[{"href":"https:\/\/www.ramatuelle-tourisme.com\/pro\/wp-json\/wp\/v2\/pages"}],"about":[{"href":"https:\/\/www.ramatuelle-tourisme.com\/pro\/wp-json\/wp\/v2\/types\/page"}],"author":[{"embeddable":true,"href":"https:\/\/www.ramatuelle-tourisme.com\/pro\/wp-json\/wp\/v2\/users\/1"}],"replies":[{"embeddable":true,"href":"https:\/\/www.ramatuelle-tourisme.com\/pro\/wp-json\/wp\/v2\/comments?post=157"}],"version-history":[{"count":11,"href":"https:\/\/www.ramatuelle-tourisme.com\/pro\/wp-json\/wp\/v2\/pages\/157\/revisions"}],"predecessor-version":[{"id":1669,"href":"https:\/\/www.ramatuelle-tourisme.com\/pro\/wp-json\/wp\/v2\/pages\/157\/revisions\/1669"}],"up":[{"embeddable":true,"href":"https:\/\/www.ramatuelle-tourisme.com\/pro\/wp-json\/wp\/v2\/pages\/118"}],"wp:attachment":[{"href":"https:\/\/www.ramatuelle-tourisme.com\/pro\/wp-json\/wp\/v2\/media?parent=157"}],"curies":[{"name":"wp","href":"https:\/\/api.w.org\/{rel}","templated":true}]}}