{"id":139,"date":"2015-04-07T07:18:24","date_gmt":"2015-04-07T07:18:24","guid":{"rendered":"http:\/\/www.ramatuelle-tourisme.com\/wp\/?page_id=139"},"modified":"2025-09-29T14:42:06","modified_gmt":"2025-09-29T12:42:06","slug":"les-chiffres-cles","status":"publish","type":"page","link":"https:\/\/www.ramatuelle-tourisme.com\/pro\/loffice-de-tourisme\/les-chiffres-cles\/","title":{"rendered":"Les Chiffres cl\u00e9s de l&rsquo;OT 2024"},"content":{"rendered":"<p><strong><span style=\"color: #800080;\">UN ACCUEIL<\/span> <\/strong><\/p>\n<p>&#8211; Pr\u00e8s de 100 000 visites par an sur notre site Internet<br \/>&#8211; Environ 8 000 actes d&rsquo;accueil effectu\u00e9s chaque ann\u00e9e<\/p>\n<p><span style=\"color: #800080;\"><strong>UNE EQUIPE<\/strong><\/span><\/p>\n<p>&#8211; Une \u00e9quipe d&rsquo;accueil qui parle 4 langues<br \/>&#8211; 300 jours d&rsquo;ouverture par an, tous les jours de la semaine en haute saison<\/p>\n<p><span style=\"color: #800080;\"><strong>DES ANIMATIONS<\/strong> <\/span><\/p>\n<p><span style=\"color: #800080;\">&#8211;<\/span> Organisateur et partenaire de plus de 200 animations sur la commune<br \/>&#8211; Promotion des animations sur 5 panneaux d\u2019affichage dont 1 num\u00e9rique<\/p>\n<p><span style=\"color: #800080;\"><strong>DES PARTENAIRES<\/strong> <\/span><\/p>\n<p>&#8211; Un r\u00e9seau de pr\u00e8s de 150 adh\u00e9rents<br \/>&#8211; \u00c9laboration d&rsquo;un magazine de destination en 3 langues\u00a0<br \/>&#8211; Cr\u00e9ation par le service accueil de 18 documentations d&rsquo;informations pratiques en interne.<\/p>\n<p><span style=\"color: #800080;\"><strong>DE LA PROMOTION ET DE LA COMMUNICATION<\/strong><\/span>\u00a0<\/p>\n<p>&#8211; Une newsletter trimestrielle envoy\u00e9e \u00e0 plus de 800 destinataires.<br \/>&#8211; Plus de 30 000 fans sur nos pages Facebook et Instagram<\/p>\n<p>\u00a0<img loading=\"lazy\" decoding=\"async\" class=\"alignnone wp-image-1692 \" src=\"https:\/\/www.ramatuelle-tourisme.com\/pro\/wp-content\/uploads\/2025\/09\/LOGO-271x300.png\" alt=\"\" width=\"122\" height=\"135\" srcset=\"https:\/\/www.ramatuelle-tourisme.com\/pro\/wp-content\/uploads\/2025\/09\/LOGO-271x300.png 271w, https:\/\/www.ramatuelle-tourisme.com\/pro\/wp-content\/uploads\/2025\/09\/LOGO-925x1024.png 925w, https:\/\/www.ramatuelle-tourisme.com\/pro\/wp-content\/uploads\/2025\/09\/LOGO-768x851.png 768w, https:\/\/www.ramatuelle-tourisme.com\/pro\/wp-content\/uploads\/2025\/09\/LOGO-1387x1536.png 1387w, https:\/\/www.ramatuelle-tourisme.com\/pro\/wp-content\/uploads\/2025\/09\/LOGO-1849x2048.png 1849w, https:\/\/www.ramatuelle-tourisme.com\/pro\/wp-content\/uploads\/2025\/09\/LOGO-1200x1329.png 1200w\" sizes=\"auto, (max-width: 122px) 85vw, 122px\" \/><\/p>\n<p><strong><a title=\"Ramatuelle Autrement\" href=\"https:\/\/www.facebook.com\/RamatuelleAutrement\">Destination Ramatuelle <\/a><\/strong>: pr\u00e9sentation des attraits de la commune au travers de divers albums photos ou de vid\u00e9os ; mise en avant des photos de nos fans.<\/p>\n<p>&nbsp;<\/p>\n<p><img loading=\"lazy\" decoding=\"async\" class=\"wp-image-1608 size-full aligncenter\" src=\"https:\/\/www.ramatuelle-tourisme.com\/pro\/wp-content\/uploads\/2023\/08\/Instagram-Destination-Ramatuelle.jpg\" alt=\"\" width=\"926\" height=\"409\" srcset=\"https:\/\/www.ramatuelle-tourisme.com\/pro\/wp-content\/uploads\/2023\/08\/Instagram-Destination-Ramatuelle.jpg 926w, https:\/\/www.ramatuelle-tourisme.com\/pro\/wp-content\/uploads\/2023\/08\/Instagram-Destination-Ramatuelle-300x133.jpg 300w, https:\/\/www.ramatuelle-tourisme.com\/pro\/wp-content\/uploads\/2023\/08\/Instagram-Destination-Ramatuelle-768x339.jpg 768w\" sizes=\"auto, (max-width: 709px) 85vw, (max-width: 909px) 67vw, (max-width: 1362px) 62vw, 840px\" \/><\/p>\n\n\n<p>&#8211; Plus de 10 000 fans sur le compte Instagram <a rel=\"noreferrer noopener\" href=\"https:\/\/www.instagram.com\/destinationramatuelle\/\" target=\"_blank\"><strong>@destinationramatuelle<\/strong><\/a><\/p>\n","protected":false},"excerpt":{"rendered":"<p>UN ACCUEIL &#8211; Pr\u00e8s de 100 000 visites par an sur notre site Internet&#8211; Environ 8 000 actes d&rsquo;accueil effectu\u00e9s chaque ann\u00e9e UNE EQUIPE &#8211; Une \u00e9quipe d&rsquo;accueil qui parle 4 langues&#8211; 300 jours d&rsquo;ouverture par an, tous les jours de la semaine en haute saison DES ANIMATIONS &#8211; Organisateur et partenaire de plus de &hellip; <a href=\"https:\/\/www.ramatuelle-tourisme.com\/pro\/loffice-de-tourisme\/les-chiffres-cles\/\" class=\"more-link\">Continuer la lecture<span class=\"screen-reader-text\"> de &laquo;&nbsp;Les Chiffres cl\u00e9s de l&rsquo;OT 2024&nbsp;&raquo;<\/span><\/a><\/p>\n","protected":false},"author":1,"featured_media":0,"parent":134,"menu_order":2,"comment_status":"closed","ping_status":"open","template":"","meta":{"footnotes":""},"class_list":["post-139","page","type-page","status-publish","hentry"],"_links":{"self":[{"href":"https:\/\/www.ramatuelle-tourisme.com\/pro\/wp-json\/wp\/v2\/pages\/139","targetHints":{"allow":["GET"]}}],"collection":[{"href":"https:\/\/www.ramatuelle-tourisme.com\/pro\/wp-json\/wp\/v2\/pages"}],"about":[{"href":"https:\/\/www.ramatuelle-tourisme.com\/pro\/wp-json\/wp\/v2\/types\/page"}],"author":[{"embeddable":true,"href":"https:\/\/www.ramatuelle-tourisme.com\/pro\/wp-json\/wp\/v2\/users\/1"}],"replies":[{"embeddable":true,"href":"https:\/\/www.ramatuelle-tourisme.com\/pro\/wp-json\/wp\/v2\/comments?post=139"}],"version-history":[{"count":9,"href":"https:\/\/www.ramatuelle-tourisme.com\/pro\/wp-json\/wp\/v2\/pages\/139\/revisions"}],"predecessor-version":[{"id":1693,"href":"https:\/\/www.ramatuelle-tourisme.com\/pro\/wp-json\/wp\/v2\/pages\/139\/revisions\/1693"}],"up":[{"embeddable":true,"href":"https:\/\/www.ramatuelle-tourisme.com\/pro\/wp-json\/wp\/v2\/pages\/134"}],"wp:attachment":[{"href":"https:\/\/www.ramatuelle-tourisme.com\/pro\/wp-json\/wp\/v2\/media?parent=139"}],"curies":[{"name":"wp","href":"https:\/\/api.w.org\/{rel}","templated":true}]}}