{"id":136,"date":"2015-04-03T15:31:28","date_gmt":"2015-04-03T15:31:28","guid":{"rendered":"http:\/\/www.ramatuelle-tourisme.com\/wp\/?page_id=136"},"modified":"2023-08-08T10:24:58","modified_gmt":"2023-08-08T08:24:58","slug":"presentation-de-la-structure","status":"publish","type":"page","link":"https:\/\/www.ramatuelle-tourisme.com\/pro\/loffice-de-tourisme\/presentation-de-la-structure\/","title":{"rendered":"Pr\u00e9sentation de la structure"},"content":{"rendered":"<p>&#8211; <span style=\"color: #ff6600;\"><strong>Cr\u00e9ation<\/strong> <\/span>de l&rsquo;Office de Tourisme et de la Culture sous statut associatif en 1984.<\/p>\n<p>&#8211; <span style=\"color: #ff6600;\"><strong>Mise en \u0153uvre des orientations et actions<\/strong><\/span> d\u00e9finies par le Conseil d&rsquo;Administration, compos\u00e9 de 12 \u00e9lus et 12 repr\u00e9sentants professionnels du tourisme dont 2 association communales.<\/p>\n<p>&#8211; <strong><span style=\"color: #ff6600;\">Ouverture de la salle d&rsquo;exposition \u00ab\u00a0Le Garage\u00a0\u00bb<\/span> <\/strong>en juin 2003 avec un programme d&rsquo;expositions toute l&rsquo;ann\u00e9e.<\/p>\n<p>&#8211; <span style=\"color: #ff6600;\"><strong>Obtention du classement des Offices de Tourisme <\/strong><\/span>en d\u00e9cembre 2013, en <strong>cat\u00e9gorie II<\/strong>.<br \/>\n&#8211; <span style=\"color: #ff6600;\"><strong>Obtention du label Qualit\u00e9 Tourisme <\/strong><span style=\"color: #000000;\">\u00a0en novembre 2016 &#8211;<br \/>\n<span style=\"color: #339966;\"><strong>Renouvel\u00e9 en 2020-2021<\/strong><\/span><\/span><\/span><span style=\"color: #000000;\"><br \/>\n<span style=\"color: #000000;\">&#8211; <\/span><span style=\"color: #ff6600;\"><b style=\"color: #ff6600;\">Obtention du classement des Offices de <\/b><span style=\"color: #ff6600;\"><b>Tourisme<\/b><\/span><b style=\"color: #ff6600;\"> <\/b><span style=\"color: #000000;\">en f\u00e9vrier 2017, en <strong>cat\u00e9gorie I<br \/>\n<span style=\"color: #339966;\">Renouvel\u00e9 en 2022<\/span><br \/>\n<\/strong><\/span><\/span><\/span><\/p>\n<p>&#8211; <span style=\"color: #ff6600;\"><strong>Financement<\/strong> <\/span>: Subvention municipale, cotisations, produits vendus en boutique.<\/p>\n<p>&#8211; <strong><span style=\"color: #ff6600;\">Objectif principal<\/span> <\/strong>: d\u00e9velopper l&rsquo;activit\u00e9 touristique et culturelle dans la station.<\/p>\n","protected":false},"excerpt":{"rendered":"<p>&#8211; Cr\u00e9ation de l&rsquo;Office de Tourisme et de la Culture sous statut associatif en 1984. &#8211; Mise en \u0153uvre des orientations et actions d\u00e9finies par le Conseil d&rsquo;Administration, compos\u00e9 de 12 \u00e9lus et 12 repr\u00e9sentants professionnels du tourisme dont 2 association communales. &#8211; Ouverture de la salle d&rsquo;exposition \u00ab\u00a0Le Garage\u00a0\u00bb en juin 2003 avec un &hellip; <a href=\"https:\/\/www.ramatuelle-tourisme.com\/pro\/loffice-de-tourisme\/presentation-de-la-structure\/\" class=\"more-link\">Continuer la lecture<span class=\"screen-reader-text\"> de &laquo;&nbsp;Pr\u00e9sentation de la structure&nbsp;&raquo;<\/span><\/a><\/p>\n","protected":false},"author":1,"featured_media":0,"parent":134,"menu_order":1,"comment_status":"closed","ping_status":"open","template":"","meta":{"footnotes":""},"class_list":["post-136","page","type-page","status-publish","hentry"],"_links":{"self":[{"href":"https:\/\/www.ramatuelle-tourisme.com\/pro\/wp-json\/wp\/v2\/pages\/136","targetHints":{"allow":["GET"]}}],"collection":[{"href":"https:\/\/www.ramatuelle-tourisme.com\/pro\/wp-json\/wp\/v2\/pages"}],"about":[{"href":"https:\/\/www.ramatuelle-tourisme.com\/pro\/wp-json\/wp\/v2\/types\/page"}],"author":[{"embeddable":true,"href":"https:\/\/www.ramatuelle-tourisme.com\/pro\/wp-json\/wp\/v2\/users\/1"}],"replies":[{"embeddable":true,"href":"https:\/\/www.ramatuelle-tourisme.com\/pro\/wp-json\/wp\/v2\/comments?post=136"}],"version-history":[{"count":4,"href":"https:\/\/www.ramatuelle-tourisme.com\/pro\/wp-json\/wp\/v2\/pages\/136\/revisions"}],"predecessor-version":[{"id":1618,"href":"https:\/\/www.ramatuelle-tourisme.com\/pro\/wp-json\/wp\/v2\/pages\/136\/revisions\/1618"}],"up":[{"embeddable":true,"href":"https:\/\/www.ramatuelle-tourisme.com\/pro\/wp-json\/wp\/v2\/pages\/134"}],"wp:attachment":[{"href":"https:\/\/www.ramatuelle-tourisme.com\/pro\/wp-json\/wp\/v2\/media?parent=136"}],"curies":[{"name":"wp","href":"https:\/\/api.w.org\/{rel}","templated":true}]}}

Présentation de la structure

<p>&#8211; <span style="color: #ff6600;"><strong>Création</strong> </span>de l&rsquo;Office de Tourisme et de la Culture sous statut associatif en 1984.</p>
<p>&#8211; <span style="color: #ff6600;"><strong>Mise en œuvre des orientations et actions</strong></span> définies par le Conseil d&rsquo;Administration, composé de 12 élus et 12 représentants professionnels du tourisme dont 2 association communales.</p>
<p>&#8211; <strong><span style="color: #ff6600;">Ouverture de la salle d&rsquo;exposition « Le Garage »</span> </strong>en juin 2003 avec un programme d&rsquo;expositions toute l&rsquo;année.</p>
<p>&#8211; <span style="color: #ff6600;"><strong>Obtention du classement des Offices de Tourisme </strong></span>en décembre 2013, en <strong>catégorie II</strong>.<br />
&#8211; <span style="color: #ff6600;"><strong>Obtention du label Qualité Tourisme </strong><span style="color: #000000;"> en novembre 2016 &#8211;<br />
<span style="color: #339966;"><strong>Renouvelé en 2020-2021</strong></span></span></span><span style="color: #000000;"><br />
<span style="color: #000000;">&#8211; </span><span style="color: #ff6600;"><b style="color: #ff6600;">Obtention du classement des Offices de </b><span style="color: #ff6600;"><b>Tourisme</b></span><b style="color: #ff6600;"> </b><span style="color: #000000;">en février 2017, en <strong>catégorie I<br />
<span style="color: #339966;">Renouvelé en 2022</span><br />
</strong></span></span></span></p>
<p>&#8211; <span style="color: #ff6600;"><strong>Financement</strong> </span>: Subvention municipale, cotisations, produits vendus en boutique.</p>
<p>&#8211; <strong><span style="color: #ff6600;">Objectif principal</span> </strong>: développer l&rsquo;activité touristique et culturelle dans la station.</p>

<p>&#8211; Création de l&rsquo;Office de Tourisme et de la Culture sous statut associatif en 1984. &#8211; Mise en œuvre des orientations et actions définies par le Conseil d&rsquo;Administration, composé de 12 élus et 12 représentants professionnels du tourisme dont 2 association communales. &#8211; Ouverture de la salle d&rsquo;exposition « Le Garage » en juin 2003 avec un &hellip; <a href="https://www.ramatuelle-tourisme.com/pro/loffice-de-tourisme/presentation-de-la-structure/" class="more-link">Continuer la lecture<span class="screen-reader-text"> de &laquo;&nbsp;Présentation de la structure&nbsp;&raquo;</span></a></p>
